2
What is the billions digit of 1985693820?
1
What is the millions digit of 225022583?
5
What is the tens digit of 207602434?
3
What is the tens digit of 2263787128?
2
What is the ten thousands digit of 1354612723?
1
What is the tens digit of 214850959?
5
What is the millions digit of 34296655?
4
What is the ten thousands digit of 6347023740?
2
What is the ten thousands digit of 245784780?
8
What is the thousands digit of 72965175?
5
What is the hundred thousands digit of 422580925?
5
What is the hundred thousands digit of 31794051?
7
What is the hundred millions digit of 1548510327?
5
What is the hundreds digit of 1641415655?
6
What is the hundreds digit of 7637442?
4
What is the hundred millions digit of 3543956047?
5
What is the units digit of 116975817?
7
What is the hundred thousands digit of 35064819?
0
What is the tens digit of 1077200450?
5
What is the thousands digit of 39978703?
8
What is the millions digit of 653886527?
3
What is the ten millions digit of 255104771?
5
What is the thousands digit of 8127333383?
3
What is the units digit of 2488315721?
1
What is the units digit of 6200467825?
5
What is the ten thousands digit of 206679528?
7
What is the ten thousands digit of 206108035?
0
What is the hundred millions digit of 113714491?
1
What is the hundreds digit of 71093585?
5
What is the millions digit of 9985707?
9
What is the hundreds digit of 500757359?
3
What is the tens digit of 264417551?
5
What is the hundred thousands digit of 4314788364?
7
What is the ten millions digit of 376545717?
7
What is the ten millions digit of 111219471?
1
What is the ten thousands digit of 180487290?
8
What is the hundred millions digit of 1673387264?
6
What is the thousands digit of 692067099?
7
What is the units digit of 1495863118?
8
What is the units digit of 22109342?
2
What is the ten millions digit of 41342571?
4
What is the ten thousands digit of 1892495663?
9
What is the billions digit of 1090544595?
1
What is the hundreds digit of 385912060?
0
What is the thousands digit of 51175679?
5
What is the hundreds digit of 144252241?
2
What is the ten thousands digit of 371786025?
8
What is the units digit of 633856600?
0
What is the thousands digit of 1397221269?
1
What is the billions digit of 1014292658?
1
What is the ten thousands digit of 25661819?
6
What is the hundred thousands digit of 262477788?
4
What is the millions digit of 32174249?
2
What is the thousands digit of 913270052?
0
What is the hundred millions digit of 2909413642?
9
What is the ten thousands digit of 403626520?
2
What is the ten thousands digit of 4148338811?
3
What is the hundreds digit of 21366046?
0
What is the hundred thousands digit of 48025402?
0
What is the thousands digit of 1951591988?
1
What is the tens digit of 3483980430?
3
What is the ten thousands digit of 189158028?
5
What is the thousands digit of 1082935293?
5
What is the tens digit of 2418305640?
4
What is the hundred millions digit of 241591834?
2
What is the ten millions digit of 14772844?
1
What is the thousands digit of 7028322352?
2
What is the ten thousands digit of 677685276?
8
What is the tens digit of 6544197?
9
What is the hundreds digit of 2096894732?
7
What is the hundreds digit of 276229389?
3
What is the thousands digit of 71913079?
3
What is the thousands digit of 261091764?
1
What is the hundred thousands digit of 38614047?
6
What is the units digit of 18440831?
1
What is the ten millions digit of 74655906?
7
What is the millions digit of 4903373042?
3
What is the tens digit of 72277755?
5
What is the tens digit of 15117568?
6
What is the hundreds digit of 263892100?
1
What is the hundreds digit of 12677051?
0
What is the units digit of 507816913?
3
What is the billions digit of 1958924997?
1
What is the hundreds digit of 82832042?
0
What is the thousands digit of 84761688?
1
What is the billions digit of 1361011629?
1
What is the ten millions digit of 4575802722?
7
What is the hundred thousands digit of 4905116038?
1
What is the tens digit of 318444066?
6
What is the ten thousands digit of 40242385?
4
What is the units digit of 34923762?
2
What is the units digit of 1308878954?
4
What is the ten millions digit of 195911467?
9
What is the ten millions digit of 75421217?
7
What is the tens digit of 1045261094?
9
What is the ten millions digit of 551246094?
5
What is the hundreds digit of 21543683?
6
What is the ten thousands digit of 1446021527?
2
What is the ten millions digit of 334999530?
3
What is the units digit of 72370309?
9
What is the ten thousands digit of 93961240?
6
What is the hundred thousands digit of 970568180?
5
What is the tens digit of 928787?
8
What is the units digit of 18160265?
5
What is the ten thousands digit of 5552516358?
1
What is the tens digit of 2672655777?
7
What is the hundred thousands digit of 4662627434?
6
What is the millions digit of 26257964?
6
What is the ten millions digit of 80026090?
8
What is the units digit of 49880132?
2
What is the thousands digit of 387553961?
3
What is the units digit of 87147719?
9
What is the tens digit of 986417?
1
What is the tens digit of 21363431?
3
What is the hundred millions digit of 847683190?
8
What is the ten millions digit of 3068436430?
6
What is the hundred thousands digit of 145252963?
2
What is the ten thousands digit of 73216578?
1
What is the hundred thousands digit of 81018174?
0
What is the ten thousands digit of 1108571816?
7
What is the thousands digit of 541069627?
9
What is the hundred millions digit of 5435451568?
4
What is the units digit of 15114511?
1
What is the tens digit of 594533384?
8
What is the ten millions digit of 40497431?
4
What is the thousands digit of 82090439?
0
What is the hundred millions digit of 874948040?
8
What is the tens digit of 721697128?
2
What is the units digit of 110587610?
0
What is the tens digit of 1750158472?
7
What is the hundred thousands digit of 1706475834?
4
What is the thousands digit of 228750370?
0
What is the ten millions digit of 814174081?
1
What is the thousands digit of 333557458?
7
What is the ten millions digit of 364201249?
6
What is the millions digit of 126637251?
6
What is the hundreds digit of 530825012?
0
What is the ten thousands digit of 25262703?
6
What is the thousands digit of 39264227?
4
What is the units digit of 213135938?
8
What is the tens digit of 3631255313?
1
What is the ten thousands digit of 288575648?
7
What is the millions digit of 371561706?
1
What is the hundreds digit of 472991319?
3
What is the thousands digit of 37046547?
6
What is the hundred thousands digit of 1314535423?
5
What is the hundreds digit of 5858300454?
4
What is the hundreds digit of 563667335?
3
What is the hundreds digit of 1076203657?
6
What is the thousands digit of 868673330?
3
What is the units digit of 125693746?
6
What is the hundred thousands digit of 698402397?
4
What is the hundreds digit of 126957850?
8
What is the ten thousands digit of 4572037455?
3
What is the tens digit of 915190637?
3
What is the hundreds digit of 233451679?
6
What is the ten millions digit of 88178925?
8
What is the ten millions digit of 35851639?
3
What is the thousands digit of 5032953443?
3
What is the millions digit of 1495115386?
5
What is the millions digit of 312958646?
2
What is the units digit of 10571823?
3
What is the billions digit of 2868430089?
2
What is the ten thousands digit of 211937020?
3
What is the ten millions digit of 68396547?
6
What is the ten thousands digit of 1443791843?
9
What is the units digit of 79203654?
4
What is the hundred thousands digit of 41488015?
4
What is the hundred thousands digit of 265401824?
4
What is the units digit of 15983556?
6
What is the ten thousands digit of 44579611?
7
What is the tens digit of 1367506050?
5
What is the hundred millions digit of 117809092?
1
What is the tens digit of 276588556?
5
What is the units digit of 262466909?
9
What is the units digit of 34430246?
6
What is the millions digit of 92208106?
2
What is the tens digit of 44173392?
9
What is the tens digit of 644451440?
4
What is the ten thousands digit of 1459915514?
1
What is the millions digit of 687972467?
7
What is the ten thousands digit of 1229403380?
0
What is the millions digit of 204234355?
4
What is the hundred millions digit of 